69928?
2
What is the millions digit of 7677732?
7
What is the tens digit of 3135196824?
2
What is the billions digit of 3263282135?
3
What is the thousands digit of 145776480?
6
What is the tens digit of 2143379160?
6
What is the millions digit of 266746646?
6
What is the ten millions digit of 746580666?
4
What is the ten millions digit of 34008579?
3
What is the tens digit of 7203513258?
5
What is the units digit of 13753065?
5
What is the tens digit of 2356193268?
6
What is the millions digit of 2264436750?
4
What is the tens digit of 3675963560?
6
What is the tens digit of 65473366?
6
What is the tens digit of 2989281361?
6
What is the thousands digit of 16655432?
5
What is the tens digit of 846318332?
3
What is the tens digit of 226088226?
2
What is the millions digit of 995744816?
5
What is the millions digit of 278911623?
8
What is the tens digit of 238627822?
2
What is the ten thousands digit of 64079816?
7
What is the units digit of 381874154?
4
What is the hundreds digit of 2297863774?
7
What is the ten thousands digit of 1433567790?
6
What is the ten millions digit of 138456951?
3
What is the millions digit of 813209180?
3
What is the hundred millions digit of 980220243?
9
What is the tens digit of 1689222343?
4
What is the ten thousands digit of 1147446239?
4
What is the hundred thousands digit of 303698819?
6
What is the thousands digit of 2395729906?
9
What is the units digit of 10231205?
5
What is the tens digit of 77396043?
4
What is the hundred thousands digit of 2088314512?
3
What is the units digit of 86869879?
9
What is the hundreds digit of 988274855?
8
What is the ten millions digit of 67919349?
6
What is the hundred thousands digit of 19497318?
4
What is the ten millions digit of 101465806?
0
What is the ten millions digit of 96883210?
9
What is the thousands digit of 10808897?
8
What is the hundred thousands digit of 2009454405?
4
What is the ten millions digit of 37564846?
3
What is the ten thousands digit of 123212851?
1
What is the units digit of 53203095?
5
What is the ten thousands digit of 4891653?
9
What is the ten millions digit of 145029688?
4
What is the millions digit of 4779277343?
9
What is the ten millions digit of 331762082?
3
What is the tens digit of 52569014?
1
What is the ten millions digit of 2459316097?
5
What is the thousands digit of 9265572?
5
What is the hundred thousands digit of 6052581880?
5
What is the tens digit of 485378891?
9
What is the tens digit of 792092315?
1
What is the hundred millions digit of 178475693?
1
What is the hundred thousands digit of 1737513142?
5
What is the hundreds digit of 12397865?
8
What is the ten thousands digit of 95143373?
4
What is the units digit of 193742210?
0
What is the millions digit of 1372413725?
2
What is the hundreds digit of 147230200?
2
What is the units digit of 330283406?
6
What is the thousands digit of 805749?
5
What is the ten thousands digit of 397502040?
0
What is the millions digit of 157564303?
7
What is the hundreds digit of 4139482127?
1
What is the millions digit of 34661273?
4
What is the hundreds digit of 67272702?
7
What is the billions digit of 5230240152?
5
What is the hundred thousands digit of 117333079?
3
What is the hundred millions digit of 332575128?
3
What is the thousands digit of 102202208?
2
What is the units digit of 64674464?
4
What is the ten thousands digit of 516889227?
8
What is the millions digit of 36124211?
6
What is the tens digit of 1953961889?
8
What is the ten millions digit of 738219465?
3
What is the thousands digit of 475657241?
7
What is the thousands digit of 93877917?
7
What is the billions digit of 1060534033?
1
What is the hundred thousands digit of 77830238?
8
What is the millions digit of 207728643?
7
What is the tens digit of 110716270?
7
What is the ten millions digit of 300581251?
0
What is the ten millions digit of 986872001?
8
What is the units digit of 4605153763?
3
What is the units digit of 1746470869?
9
What is the tens digit of 44862311?
1
What is the ten thousands digit of 10127155?
2
What is the hundred millions digit of 1411533293?
4
What is the ten thousands digit of 1027988162?
8
What is the ten millions digit of 239633397?
3
What is the thousands digit of 69684099?
4
What is the millions digit of 354253885?
4
What is the ten millions digit of 3928425502?
2
What is the hundreds digit of 230614510?
5
What is the units digit of 1651696370?
0
What is the millions digit of 791352252?
1
What is the units digit of 633585965?
5
What is the ten millions digit of 778098955?
7
What is the hundreds digit of 79274698?
6
What is the units digit of 800970763?
3
What is the millions digit of 306289958?
6
What is the thousands digit of 851797495?
7
What is the hundreds digit of 150383220?
2
What is the hundred thousands digit of 38087402?
0
What is the tens digit of 46011301?
0
What is the hundred thousands digit of 527195331?
1
What is the ten thousands digit of 650076071?
7
What is the ten millions digit of 500513230?
0
What is the hundred thousands digit of 3281120647?
1
What is the hundreds digit of 3474237408?
4
What is the ten thousands digit of 27859034?
5
What is the thousands digit of 120257403?
7
What is the thousands digit of 3064105599?
5
What is the ten thousands digit of 32696842?
9
What is the thousands digit of 2334954934?
4
What is the thousands digit of 52518574?
8
What is the tens digit of 125443934?
3
What is the units digit of 1484623308?
8
What is the thousands digit of 7410332846?
2
What is the tens digit of 1214221484?
8
What is the hundred thousands digit of 211230632?
2
What is the thousands digit of 743492555?
2
What is the hundred thousands digit of 586716346?
7
What is the hundreds digit of 472978388?
3
What is the ten thousands digit of 9333322?
3
What is the hundred millions digit of 841699984?
8
What is the billions digit of 1751750623?
1
What is the tens digit of 928782231?
3
What is the hundred thousands digit of 1519028410?
0
What is the hundreds digit of 71441583?
5
What is the billions digit of 6163167652?
6
What is the hundred millions digit of 108376093?
1
What is the millions digit of 1048820557?
8
What is the units digit of 483115226?
6
What is the thousands digit of 1091267153?
7
What is the ten thousands digit of 205532583?
3
What is the millions digit of 114044864?
4
What is the thousands digit of 21762688?
2
What is the ten millions digit of 546704193?
4
What is the hundreds digit of 7679500109?
1
What is the hundreds digit of 138396451?
4
What is the ten millions digit of 98302320?
9
What is the hundred millions digit of 1024530107?
0
What is the units digit of 148483968?
8
What is the tens digit of 3459461028?
2
What is the units digit of 2702974857?
7
What is the units digit of 28264334?
4
What is the ten thousands digit of 410627558?
2
What is the tens digit of 120301579?
7
What is the thousands digit of 534549255?
9
What is the hundred thousands digit of 3097492798?
4
What is the hundred thousands digit of 705607974?
6
What is the ten thousands digit of 608091860?
9
What is the hundreds digit of 311756?
7
What is the hundred millions digit of 845634516?
8
What is the tens digit of 864642137?
3
What is the hundred thousands digit of 23923669?
9
What is the hundreds digit of 55494465?
4
What is the hundreds digit of 54635603?
6
What is the units digit of 5169906?
6
What is the hundred millions digit of 812932840?
8
What is the ten millions digit of 170165110?
7
What is the tens digit of 44814518?
1
What is the ten thousands digit of 3902377?
0
What is the hundred thousands digit of 117082572?
0
What is the ten millions digit of 1065782169?
6
What is the ten millions digit of 1095018104?
9
What is the units digit of 60097749?
9
What is the units digit of 235292525?
5
What is the hundreds digit of 147607951?
9
What is the hundreds digit of 547067282?
2
What is the thousands digit of 115558492?
8
What is the hundred millions digit of 244480536?
2
What is the hundreds digit of 59430636?
6
What is the hundreds digit of 992155244?
2
What is the millions digit of 661289452?
1
What is the tens digit of 4511361739?
3
What is the ten millions digit of 52135145?
5
What is the hundred thousands digit of 431272213?
2
What is the tens digit of 213956342?
4
What 